et n be (15/6)/((-55)/(-8492)). Suppose 25*z = 27*z - n. Is z a multiple of 2?
False
Let p(j) = 10*j - 33. Let d be p(10). Let f be (d/3)/((-2)/(-6)). Let c = 109 - f. Does 6 divide c?
True
Suppose 2*k + 2*t - 41 = -3*t, -3*k + 5*t = 1. Suppose n = -n. Suppose n = 4*v - 356 + k. Is v a multiple of 29?
True
Suppose -10*g + 5*g - n = 810, -4*n = 5*g + 810. Does 29 divide g/5*65/(-26)?
False
Suppose 4*h - 4 = -4*y, -5 = -6*h + 3*h - 2*y. Let k be (-18)/(-15)*15/6 - h. Suppose k = 8*z - 2*z - 228. Is z a multiple of 19?
True
Let o be (2/3)/(1/6). Let y = -466 - -470. Suppose 0 = -4*j - o*m + 72, 2*j = y*m - 3 + 9. Does 2 divide j?
False
Let n = -155 + 159. Suppose 0 = n*q - c - 419, -3*c - 12 = q - 120. Is 2 a factor of q?
False
Let z(f) = 7*f**2 + 4*f + 3. Suppose 66*y + 14 = 52*y. Does 3 divide z(y)?
True
Suppose 88*p - 86*p = 8, 5*q = -4*p + 61991. Is 15 a factor of q?
False
Let t(x) = 4108*x**2 - 151*x + 150. Does 111 divide t(1)?
True
Let j(n) = 56*n**2 - 15*n + 15. Let b be j(1). Suppose -b*q = -18*q - 1976. Does 13 divide q?
True
Let n(c) = c**2 - 8*c - 27. Suppose -4*u - 22 = -2*l, 2*u - 6 = -4*l - 2. Is 7 a factor of n(u)?
True
Let x(n) be the third derivative of -n**6/120 + 3*n**5/20 + 5*n**4/8 + 10*n**3/3 - 33*n**2. Is 15 a factor of x(10)?
False
Let i = -108 - -119. Let x(g) = g**3 - 8*g**2 + g - 1. Is 13 a factor of x(i)?
False
Let h(z) = 24*z**2 - 5*z - 4. Let d be h(-5). Suppose -10*u + 109 = -d. Is 4 a factor of u?
False
Let d(w) be the third derivative of 0*w + 0 + 1/4*w**4 + 26/3*w**3 + 6*w**2. Does 10 divide d(-7)?
True
Let o = -285 - -337. Suppose 15*f = 8 + o. Does 3 divide f?
False
Suppose -7074 = -2*o - p, -1307*p + 1310*p = 24. Is 16 a factor of o?
False
Let b(f) = -9*f**3 - 9*f - 4*f + 33 - 31*f**2 + 2*f + 11*f**3. Let s(k) = -3*k**3 + 46*k**2 + 16*k - 50. Let x(u) = 7*b(u) + 5*s(u). Does 5 divide x(13)?
True
Let x = 1730 - -1762. Is 97 a factor of x?
True
Let y(j) = 35*j - 55. Suppose -3*o + 5*n + 31 = 0, 4*o - 6*o + 14 = -2*n. Suppose 2*p + 10 = 0, -v + 0*p - 5 = o*p. Does 24 divide y(v)?
True
Suppose 2*r = -m + 101, m - 2*r - 541 = -4*m. Suppose 0 = 3*c + 3*k - 54, -4*c + k + m = 45. Suppose -4*h = c, -5*d + 2*h = -111 - 27. Is 12 a factor of d?
False
Suppose -5*m = -3*p + 9969 + 3380, 8866 = 2*p + 5*m. Is p a multiple of 13?
False
Let a be 1/(-5) + (-71104)/(-220). Suppose 57 = x + 4*t, x + 4*x = -t + a. Is 5 a factor of x?
True
Let m = -578 - -970. Does 19 divide 2/((-2737)/m - -7)?
False
Let d(f) = f**2 - 2*f - 3. Let k be d(4). Let q = -26 + 28. Suppose 2*u - u - 1055 = -5*h, -q*h + k*u + 449 = 0. Does 31 divide h?
False
Suppose 16*w - 4*p - 3834 = 14*w, -4*p = -4*w + 7660. Let m = w - 1224. Is m a multiple of 29?
False
Let v(a) = 40*a**2 - 3*a + 1. Let d be v(1). Suppose h = 17 + d. Suppose -2*u = 3*x - h, -4*u + 62 = -x - 27. Is 4 a factor of u?
False
Let i(x) = -x**3 + 6*x**2 - 3*x + 1. Let s be i(3). Suppose -s*c + 18*c = -340. Does 34 divide c?
True
Let v = 28 + -87. Let a = v + 59. Suppose -3*g - i + 336 = 0, a*g + 2*g = -2*i + 220. Does 19 divide g?
False
Let t(c) = -4*c**2 + 2*c - 1. Let l be t(-4). Let y = 65 + l. Is ((-36)/y)/(-3 - 43/(-14)) a multiple of 21?
True
Let a(p) = p**3 + 21*p**2 + 56*p + 45. Let v be a(-19). Let k = v - -381. Does 14 divide k?
True
Suppose -5*s + 2*y = 10, s + 18*y - 17*y = 5. Suppose s = -4*n - j + 794, -2*n + j + 385 + 9 = 0. Does 11 divide n?
True
Let t = -29 - -33. Suppose 14 = 2*p + t. Suppose 88 = p*r - 52. Does 28 divide r?
True
Suppose -l - 6*u + 3*u = -32, -5*l - u + 146 = 0. Suppose 9*c + 1660 = l*c. Is c a multiple of 10?
False
Let i = -1285 - -5237. Is 16 a factor of i?
True
Is 14 a factor of 2/6 - 234707/228*-4?
False
Let t be 220/(-121) + 3/((-33)/2). Let p be 120/9*(0 + 3/t). Does 8 divide p/5 - 4/(8/(-30))?
False
Suppose 0 = o + u - 5100, 3*o + o + u = 20409. Does 243 divide o?
True
Suppose -66*i + 12195 = -55323. Is 5 a factor of i?
False
Let d(v) = v**2 - 10*v - 13. Let z be d(9). Let k = z - -26. Suppose -f - 67 = -k*o, 2*o + 2*f + 8 = 3*o. Does 3 divide o?
True
Let l = 86 - 85. Let f be ((-502)/10 - 4/l)*-5. Suppose d - f = -16. Does 15 divide d?
True
Let w be (6/(-33)*1)/((-24)/264). Suppose -6*q + 5*q + 604 = -w*a, 4*q - 5*a = 2428. Is q a multiple of 34?
True
Let n(o) = 2249*o**2 + 16*o + 21. Does 11 divide n(-1)?
False
Suppose -57 = -9*o - 12. Suppose -o*s = 0, c - s + 194 = 3*c. Does 5 divide c?
False
Let b be (1 - (-10)/(-14)) + 8130/14. Suppose 7*q = 581 + b. Let f = -83 + q. Is 7 a factor of f?
False
Suppose -5*y = 4*g - 10804, -36 + 16 = 5*g. Suppose -4*k - 2*q = -y, -5*k + q = -q - 2696. Is 5 a factor of k?
True
Let q = -3022 + 5766. Is 14 a factor of q?
True
Let c(s) = 13*s**2 - 7*s. Let r(n) = 12*n**2 - 9*n + 1. Let k(d) = 4*c(d) - 3*r(d). Let g(v) = -2*v + 1. Let f be g(-1). Is 46 a factor of k(f)?
True
Suppose 2*k + 5 = -4*y + 3, -k + 2*y = -11. Suppose 2*r = k - 1. Suppose i = r*z + 167, -z - 409 = -4*i + 224. Does 33 divide i?
False
Suppose -8*w = -10*w + 52. Suppose 4*u - 14 = w. Is 16 a factor of u*(13/2 - 2)?
False
Let o(s) be the second derivative of s**4/6 - 7*s**3/3 - 8*s**2 + 12*s - 1. Does 7 divide o(11)?
False
Let u = -19677 + 25450. Does 46 divide u?
False
Suppose 3*g - 4*g = 3*h - 1, -g = -4*h + 6. Let f be 2*9*1/3 - g. Does 8 divide (2596/(-16))/(-11) - (-2)/f?
False
Let m(w) = 1116*w**2 + 22*w + 24. Is m(-1) a multiple of 2?
True
Let k(q) = 174*q - 23. Let p be k(2). Suppose -3*i + 2*l + p = 0, 3*i + i - 415 = -l. Is 15 a factor of i?
True
Let u(h) = -h**3 + 7*h**2. Let k be u(7). Let c(b) = 20 + b**2 - 4*b + 15 - 2*b**2. Does 7 divide c(k)?
True
Suppose -5*y = 5*v - 47180, 18*y + 5*v - 188825 = -2*y. Does 119 divide y?
False
Suppose -34*w - y + 134248 = -30*w, -2*w + 5*y + 67124 = 0. Is w a multiple of 27?
False
Let x(k) be the second derivative of k**5/30 - 7*k**4/24 + 3*k**3 - 8*k**2 + 35*k. Let l(c) be the first derivative of x(c). Does 15 divide l(-7)?
True
Let o(x) = 6*x**3 - 8*x**2 + 18*x - 159. Does 23 divide o(7)?
True
Let k(w) = -16*w**2 + 2786*w + 472. Is 10 a factor of k(159)?
True
Suppose 2*o - 4207 = 749. Is o a multiple of 8?
False
Let n = -4 + 20. Suppose 75*u + 18*u - 2 + 2 = 0. Does 7 divide (u + -3)/1 + 704/n?
False
Let w(v) = 562*v + 358. Is w(2) a multiple of 38?
True
Let q = -12588 - -14968. Is q a multiple of 35?
True
Let q be (-14575)/99 + 4*2/36. Let c = q + 254. Suppose -r - 2*r + c = -2*i, -2*r = 4*i - 98. Is r a multiple of 13?
True
Suppose 2*w - a = -135, 2*w + 110 = -0*w - 4*a. Suppose 0 = -75*m + 68*m - 861. Let b = w - m. Is b a multiple of 29?
True
Let z = -16443 + 26711. Is 33 a factor of z?
False
Let g = 3145 + -1754. Let j = g + -851. Does 33 divide j?
False
Let r(o) = 2337*o - 1029. Does 9 divide r(2)?
True
Let v(o) be the second derivative of o**7/2520 - o**6/720 + 2*o**5/5 - 2*o**4 - 9*o. Let f(l) be the third derivative of v(l). Does 4 divide f(0)?
True
Suppose 76*m = 73*m + 12. Suppose 3*u - 8 = 7*q - 3*q, -m*q + 20 = 4*u. Suppose 595 - 163 = u*b. Does 27 divide b?
True
Suppose h = -3*x + 4327 - 748, -4*x + 2*h = -4782. Does 3 divide x?
True
Let l(z) = 130*z - 336. Does 8 divide l(28)?
True
Let r(k) = 12*k**2 + 5*k - 19. Let l be r(8). Suppose 3*p = 4*b - l, -3*b - 2*p = -339 - 240. Is b a multiple of 5?
True
Let l(z) = 1531*z - 810. Is 9 a factor of l(2)?
False
Let y(s) = -s**2 - 10*s - 8. Let a be y(-10). Is 1824/40 - a/20 a multiple of 2?
True
Suppose 24*q - 30923 - 102616 = -9123. Does 64 divide q?
True
Let p = 129269 - 63733. Does 18 divide p?
False
Suppose 4*s = 9*s - 65. Let y(d) be the third derivative of -d**5/60 + 19*d**4/24 - 5*d**3/3 - d**2 - 19. Is y(s) a multiple of 36?
False
Does 23 divide -5 - 1 - -6*(-83622)/(-63)?
True
Suppose 20*t = 15*t - 130. Is 41 a factor of (-2 + (-22)/(-8))/(t/(-14768))?
False
Suppose 4*i - 411 = -343. Suppose 1525 = i*c - 855. Is 14 a factor of c?
True
Let d(i) be the third derivative of i**5/60 + 4*i**4/3 - 13*i**3/2 + 76*i**2. Does 51 divide d(17)?
False
Let q be 2*3*((-20)/15)/(-4). Suppose q*g - 12 = 3*j, 2*j + 5 - 1 = 0. Suppose -132 = -g*h + i, -h + 4*i - 117 = -4*h. Is 43 a factor of h?
True
Let y(j) = -j**3 - 67*j**2 + 1199*j + 72. Is y(-82) a multiple of 5?
False
Suppose 148*z - 8716 = 144*z. Let g = z + -1555. Is 48 a factor of g?
Tr